rmine j(k).
5
Let a(z) = z**2 + 6*z + 6. Suppose 13 = -3*u - 2. Let t(g) = -19 + 7*g + 23 + 0*g**2 + g**2. Let n be t(u). Determine a(n).
6
Let a(c) = -4*c + 901. Let u(m) = -150. Let z(f) = -a(f) - 6*u(f). Suppose 0 = -5*s - 0*s - 55. Determine z(s).
-45
Let v(y) = y**3 - y**2 - y + 4. Let f be v(0). Suppose -2*u + f*i - 19 = -7*u, -2*u + 10 = 4*i. Let b(z) = -z**2 + 5*z - 1. Determine b(u).
5
Let o(l) = 3*l - 519 - 511 - 4*l + 0*l + 1044. Determine o(13).
1
Let t(r) be the second derivative of 3 + 35*r + 0*r**2 + 1/12*r**4 + 0*r**3. Calculate t(1).
1
Let n(r) = -4*r - 5. Suppose 42*x - 8736 = 10*x. Suppose x = -12*l + 237. Give n(l).
7
Let s(z) = -z**3 - 28*z**2 - 100*z - 89. Let i be s(-24). Let y = 3 + 1. Let w(q) = 10*q + q**3 - y*q**2 - q - 1 - 4*q**2. What is w(i)?
13
Let c(k) = -6*k - 164. Let p(x) = -x - 113. Let g(j) = c(j) - p(j). Give g(-7).
-16
Let o(p) = -3173441800 - p + 3173441799 + 0*p. Suppose 0 = -2*s - 3*b - 1, -3*s + 2 + 1 = 3*b. Calculate o(s).
-5
Let x = -2144 + 2142. Let h(w) be the first derivative of -w**2 - 2*w + 3. What is h(x)?
2
Suppose u + 2*a + 10 = 0, 161 = -2*a + 147. Let x(m) be the second derivative of 3/2*m**2 + 1/20*m**5 - 17*m + 0 + 0*m**u - 2/3*m**3. Determine x(2).
3
Let w(g) = -5*g + 40. Suppose 3*p = 47*z - 41*z - 84, 5*z - 75 = 5*p. Calculate w(z).
-25
Let w(t) = 3*t - 12. Suppose 793 - 625 = -4*z. Let k be 189/z*(-48)/27. Give w(k).
12
Let k(h) = -h**2 + 15. Let u(g) = -1031*g + 10307. Let i be u(10). Determine k(i).
6
Let l(i) be the second derivative of -i**3 + 25*i**2/2 - 37*i + 6. Calculate l(4).
1
Let q(z) be the second derivative of -z**5/20 - z**4/2 - 4*z**3/3 - 5*z**2/2 - 35191*z. Let x be (-2)/(2 + (-16)/10). Give q(x).
10
Let b(s) = 124*s**3 + 1 - 64*s**3 - 59*s**3 - s - 1 - 10*s**2. What is b(10)?
-10
Let i(t) = 2*t**3 - t**2 - 9*t - 1. Let m be 5 - (1 + 6 - 4). Let r(h) = h**3 - h**2 - 4*h - 1. Let j(f) = m*i(f) - 5*r(f). Determine j(-2).
19
Let n(s) = -3*s**2 - 93*s + 3. Let h be n(-31). Suppose 15 = -3*u, 5*z - 2*u - h*u = 85. Let v(w) = w**2 - 14*w + 13. What is v(z)?
-11
Let j(t) = 2*t**3 + 20*t**2 - t - 10. Let p be j(-10). Suppose 2*y - 4192 = 4*c, 0 = -p*y + 3*y + 5*c - 6244. Let r(k) = -2091 + k - 3*k + y. Calculate r(6).
-15
Let u = 78 + -74. Let f be (-12)/u - (3 - -1)*-1. Let d(n) = 10*n**2. What is d(f)?
10
Let d(a) = -a**3 + 12*a**2 - 10*a - 9. Let h = -39 + 44. Suppose -j - 4*p = -13, 0*j - p + h = 2*j. Let m be (-11)/(-1 - 0)*j. What is d(m)?
2
Let y(c) = -2*c + 23. Let q be y(14). Let f(p) be the first derivative of p**2/2 - p + 262. What is f(q)?
-6
Let l(w) = -w**2 - 24*w + 89. Let z(n) = 11*n - 45. Let c(t) = -2*l(t) - 5*z(t). Let g(m) be the first derivative of c(m). Calculate g(3).
5
Let z(k) = 16*k - 12. Let r(q) = 28*q - 23. Let d(c) = 3*r(c) - 5*z(c). Calculate d(6).
15
Let i be (1*5/(-15))/(-3 - (-152)/51). Let n(k) = -k**3 + 17*k**2 + k - 29. Calculate n(i).
-12
Suppose -10 = -u - 20. Let r(d) be the first derivative of -d**2/2 - 23*d - 1057. Calculate r(u).
-13
Suppose 0 = 12*b - 2*b + 830. Let g = -19 - b. Let m(i) = g*i - 7 - 33*i - 32*i. What is m(-4)?
-3
Let o(z) be the second derivative of -z**3/6 + z**2 + 3*z - 154. Suppose 9 = 3*w - 36. Calculate o(w).
-13
Let s(t) = t**3 + t**2. Let l(y) = y - 3*y**3 + 4*y**2 - 2 - 2 - y**2 - 2*y**3. Let i(v) = -l(v) - 4*s(v). Let q be 60/9 - 4/(-12). Calculate i(q).
-3
Let a(c) = -3*c + 66. Let w(i) = -4*i + 94. Let j(s) = 3*a(s) - 2*w(s). Suppose -3*t + 7 = 2*o, -3*o + 0*t + 2*t + 17 = 0. Give j(o).
5
Let v(g) = 4*g**3 - 3*g + 2. Suppose -53*f + 9 = -97. What is v(f)?
28
Let a(c) be the first derivative of -c**2/2 - 6*c - 689. Let x = -7 - 4. Calculate a(x).
5
Let q(w) = -4*w**2 + 795*w - w**3 - 383*w + 1 - 414*w. Calculate q(-4).
9
Suppose 0 = 51*q - 54*q + 69. Suppose q*i - 12 = 22*i. Let a(z) be the second derivative of -z**3/6 + 3*z**2 - 2*z. What is a(i)?
-6
Let z = 10509 - 10499. Let s(x) = 11*x - 114. What is s(z)?
-4
Let a(p) = 35*p + 4. Let i = 8249 - 8251. What is a(i)?
-66
Let u(v) = 2*v + 1 + 0 - 6 + 6. Suppose 0*z = 4*r + z - 24, 16 = 4*z. Suppose 3*n - 8*n - r = 0. What is u(n)?
-1
Let v be (-1 - 0)*(-1 - 0). Let f = -1092 + 1153. Let h(b) = -126*b + v + 63*b + f*b + 6*b**2. Calculate h(1).
5
Suppose 0 = 2*t + 1 - 5. Suppose -2*c - t + 14 = -4*w, -5*w - 2*c = 6. Let d(u) be the first derivative of u**4/4 - u**3/3 - 3*u**2/2 - u - 1. Give d(w).
-7
Let d(p) = 33*p**2 - 4*p - 1. Let i(n) = -80*n + 65*n**2 + 73*n + 6 - 8. Let q(f) = -11*d(f) + 6*i(f). Calculate q(1).
28
Let i(m) = -2*m - 6. Suppose -3*s - 14*g - 1 = -15*g, 0 = 2*s - 3*g - 11. Let j be (-1794)/437 - s/19. Give i(j).
2
Let c = 16 + -11. Let s(z) be the first derivative of -z**2/2 + z - 18. Calculate s(c).
-4
Let z(m) be the first derivative of -m**4/4 + 5*m**3/3 + m**2/2 - 7*m + 596. Suppose 2*k + 3*k - 25 = 0. Give z(k).
-2
Let i(v) = 5*v + 7. Let s = -8 - -15. Let h(f) = -f**3 + 6*f**2 + 6*f + 1. Let o be h(s). Determine i(o).
-23
Let r be 6/(-4) - (-2)/4. Let w(g) = -8*g + 20. Let f be 12/54 - (-465)/(-27). Let y(b) = 3*b - 7. Let i(m) = f*y(m) - 6*w(m). Calculate i(r).
2
Suppose 75 = -13*h + 140. Let f(l) = 14 - 4*l**2 + 5*l**2 + 9 - 17. Give f(h).
31
Let b(o) = 5*o. Let i = 163 + -158. Suppose i*p - 17 = 2*u, 5*p + 3 + 4 = -2*u. Determine b(u).
-30
Let i(b) = 4*b**2 - 6*b + 5. Let g be i(2). Suppose 2*m - 3*u = -0*m - g, -5*m - 5*u + 40 = 0. Let a(p) = -p**2 + p - 3. Determine a(m).
-9
Suppose -102*t = 52*t + 36*t. Let k(r) be the third derivative of t + 46*r**2 + 1/24*r**4 + 0*r - 2/3*r**3. Give k(3).
-1
Let h(t) = -6*t**3 + t**2. Let q(x) = -30*x - 178. Let o be q(-6). Give h(o).
-44
Let z = -596 + 589. Suppose -1 + 11 = 5*p - 4*j, 3*p - 5*j = 6. Let h(u) = 4*u**2 + u**2 - 3 - 9*u - 6*u**p. Calculate h(z).
11
Let w(v) = 12*v**2 - 21*v + 3. Let z(t) = -5*t**2 + 11*t + 2. Let y(s) = 2*w(s) + 5*z(s). What is y(17)?
-52
Suppose 22 = 3*g - 2*c, c = 3*g - 4*c - 19. Let k(i) = -165*i + g + 82*i + 84*i. Let b(t) = -t**3 - 9*t**2 + 2*t + 11. Let u be b(-9). Determine k(u).
1
Let c = 13016 + -13008. Let x(a) = a**3 - 6*a**2 - 13*a - 14. Determine x(c).
10
Let h(d) = -2*d - 6. Suppose 500 = 3*n + 17*n. Suppose c = a - 3, 0 = n*c - 26*c + 3*a - 9. What is h(c)?
-6
Let z(x) = 2*x**2 - 5*x - 6. Let p(u) = 3*u**2 - 11*u - 14. Let o(r) = -3*p(r) + 7*z(r). Let y = -9 - -11. Calculate o(y).
16
Let x(r) = -r**3 - 30*r**2 + 396*r - 154. Let l be x(-40). Let y(i) be the first derivative of 5/3*i**3 + 5*i - l + 3/2*i**2 - 1/4*i**4. Give y(5).
20
Let i(g) = g**2 + 20*g + 89. Let t be i(-6). Let u(v) = -t*v + 23*v - 5*v - 11*v - 12 - v**3 + 8*v**2. Calculate u(8).
4
Let c(i) = 2273 + 2*i - 4541 + 2280 - 3*i. Suppose 3 = 2*y - 9. Give c(y).
6
Let l(k) = -4*k**2 + k + 1. Let o = -282 - -286. Suppose o = 21*b - 25*b. Determine l(b).
-4
Let l(x) = 73*x + 657. Let w be l(-9). Let j(g) = 2*g + 11. Calculate j(w).
11
Let f(p) be the first derivative of -p**3 - p**2 - 22*p + 2665. Determine f(0).
-22
Let i(w) be the third derivative of w**5/60 + 5*w**4/6 + 16*w**3 + 36*w**2. Let y be i(-8). Let z(s) = -4*s + 9 - 1 + 3*s. Determine z(y).
8
Let b(a) be the first derivative of a**3/3 - 11*a**2/2 + 24*a + 806. Give b(6).
-6
Suppose 0 = 4*j + 5*f - 142, -113 = -5*j + 2*f + 81. Let h be 43/4*(-1 - 3). Let c = j + h. Let p(z) = z**3 + 5*z**2 - 5. Give p(c).
-5
Let n be (-5)/(-14)*(-525)/(-11250). Let x(z) be the third derivative of -1/6*z**4 + 0*z - 5/6*z**3 + n*z**5 + 0 + z**2. What is x(5)?
0
Suppose -1 = -2*o - 2*v + 15, 4*o - 22 = -2*v. Let a(t) = t**o - 24*t + t**2 + 4*t + 16*t. Suppose 1 = 5*l + 16. Give a(l).
-6
Let x(m) = -7*m**2 + 894*m + 2 - 3 + m**3 - 886*m. Determine x(6).
11
Suppose 2*f - 20 = -3*f. Let b(k) = -14*k + 7. Let z(o) = -32*o + 12. Let r(a) = 7*b(a) - 3*z(a). Let l(p) = -p + 12. Let v(g) = f*l(g) - 3*r(g). Give v(-8).
-7
Let z(m) = -14*m + 38. Let d = -6530 + 6533. Determine z(d).
-4
Let s(v) be the first derivative of -1/6*v**3 + 5/2*v**2 - 11*v + 6. Let l(j) be the first derivative of s(j). Calculate l(0).
5
Let t(j) = 3*j**2 - 25*j + 13. Let x be ((19 - 18)/(2/(-6)))/(15/(-40)). What is t(x)?
5
Let t(x) = x**3 - 7*x**2 + x + 5. Let v be (7/(-14))/(0 - (-1)/(-6)). Let l(q) = 4*q**2 - q + 2. Let u be l(v). Suppose -5*m + 10*m - u = 0. Determine